**2 - 7*o + 7*o + 4 + o**3. Let a = 9 + -6. List the prime factors of d(a).
13
Let m = 72 - 3. Let w = -27 + m. What are the prime factors of w?
2, 3, 7
Let x(f) be the second derivative of 3*f**2 + 0 + 5*f + 1/12*f**4 - f**3. What are the prime factors of x(7)?
13
Suppose 593 = 3*s - 4*u - 240, -5*u = -5. What are the prime factors of s?
3, 31
Let o(w) = 6*w**2 - 6*w - 8. What are the prime factors of o(-4)?
2, 7
Suppose -25*r - 4560 = -31*r. What are the prime factors of r?
2, 5, 19
Suppose -12*i + 7*i - 2*q = -2347, -2*q + 463 = i. List the prime factors of i.
3, 157
Suppose -68*i - 5*s = -72*i + 13886, -2*s = -5*i + 17366. List the prime factors of i.
2, 3, 193
Suppose -4*c - 2*l + 5172 = 0, -l = -c - 5*l + 1300. List the prime factors of c.
2, 17, 19
Let w(t) = t - 5. Let f be w(5). Suppose -4*u = 8, f = -q + u - 1 + 3. Suppose q*k = 3*k - 69. What are the prime factors of k?
23
Suppose -60*b + 14906 = -28474. List the prime factors of b.
3, 241
Let q = 13 - 19. Let f be (q/(-2) - 4) + 3. Suppose 0 = -2*g - 4*o - 12, -4*g + 21 = -3*o + f*o. List the prime factors of g.
2
Let r(q) = -29*q - 47. List the prime factors of r(-11).
2, 17
Suppose -11*n + 996 = -8*n. List the prime factors of n.
2, 83
Suppose -3*l = 5*g - 92, 76 = 5*g - 2*l + 4. Suppose 0 = g*s - 1049 - 391. List the prime factors of s.
2, 3, 5
Let w(l) = -l**2 + 8*l - 7. Let d = 9 + -2. Let z be w(d). Suppose -3*f = a - 27 - 0, z = a - 4*f - 27. List the prime factors of a.
3
Let b be -35*-1*(-2 - -3). Suppose -64 = -l + b. What are the prime factors of l?
3, 11
Let p(s) = 29*s - 7. Let d be p(-2). Let w = 93 + d. What are the prime factors of w?
2, 7
Let c be (-1)/((-2)/(134/1)). Suppose 3*j - t + c + 24 = 0, 4*j = -3*t - 104. Let r = -21 - j. What are the prime factors of r?
2
Let x = 977 + 1373. List the prime factors of x.
2, 5, 47
Suppose 44*g - 76689 = 5503. List the prime factors of g.
2, 467
Let a = 19 - 16. Suppose 4*d + 78 = -5*g + 3*g, -15 = -a*g. Let y = d - -46. What are the prime factors of y?
2, 3
Let o(n) be the third derivative of -143*n**4/24 - 13*n**3/6 - 56*n**2. List the prime factors of o(-2).
3, 7, 13
Let r(m) be the third derivative of 83*m**5/60 - m**3/6 - m**2. What are the prime factors of r(-1)?
2, 41
Suppose 5*m - 834 = 5*i - 2684, 5*i + 2*m - 1815 = 0. What are the prime factors of i?
5, 73
Let i(n) be the third derivative of 5*n**4/24 - 5*n**3/3 + 11*n**2. Let u be i(3). List the prime factors of (u - -29) + -3 + 6.
37
Let m = -434 - -947. List the prime factors of m.
3, 19
Let b = -826 - -1401. What are the prime factors of b?
5, 23
Let u(b) = -b**3 + 7*b**2 + b - 5. Let m = 13 + -6. Let p be u(m). Let i(t) = 16*t - 5. What are the prime factors of i(p)?
3
List the prime factors of (-12 - 0)/3*(-49321)/172.
31, 37
Let t(a) = -13*a**2 + a. Let l be t(-3). Let g = 186 + l. List the prime factors of g.
2, 3, 11
Let p(y) = -y**3 - 4*y**2 - 3*y. Let n be p(-5). Let j = 77 - n. What are the prime factors of j?
37
Let w = 42 - 35. Suppose 5*v + w*v = 132. What are the prime factors of v?
11
Let q(d) = d**3 + 11*d**2 + 18*d + 58. What are the prime factors of q(-8)?
2, 53
Let y = -79 + 72. List the prime factors of (2766/7)/2 - 3/y.
2, 3, 11
Suppose 44 = a + r - 32, 5*a - 5*r - 420 = 0. Suppose 23 = -3*p + a. Suppose p = -5*h + 6*h. What are the prime factors of h?
19
Suppose -5*v + 3*v - g = -1975, -v + 2*g = -1000. What are the prime factors of v?
2, 3, 5, 11
Let j be 0 + 0 + 2 + -2. Suppose t + t + 58 = j. Let i = -13 - t. List the prime factors of i.
2
Let f(d) = -d + 25. Let a be f(9). What are the prime factors of 2*((a*3 - -1) + -4)?
2, 3, 5
Suppose 0 = 2*w - f - 375, 4*f = -3*w - 2*w + 918. Suppose a - w = -5*l + 2049, -5 = -a. What are the prime factors of 3/12 - l/(-8)?
2, 7
Suppose -2*o - 2*r + 2 = 0, 7*r - 2*r - 1 = -3*o. Suppose -o*g + 14 = -5*y, -5*g - 2*y = -5 - 30. Suppose -g*x = -2*x - 80. List the prime factors of x.
2
Suppose 0 = 6*j - 13 - 23. Suppose -10*c + 292 = -j*c. List the prime factors of c.
73
Suppose 0 = -4*c + 2*d + 635 + 453, -4*d + 16 = 0. List the prime factors of c.
2, 137
Suppose -194 = -4*s + s + 2*x, x + 257 = 4*s. Suppose y = -3*v + 232, -2*v + v + 3*y = -s. List the prime factors of v.
2, 19
Let j be (-54)/24*8/(-6). Let v(r) be the third derivative of r**6/120 - r**4/12 - 2*r**3/3 - r**2. What are the prime factors of v(j)?
17
Let k be (-3)/4 + (-1851)/12. List the prime factors of 4 - -3*k/(-15).
5, 7
Let c(j) = -3*j + 6. Let z(x) be the second derivative of -x**4/12 + 2*x**2 + x. Let f be z(3). List the prime factors of c(f).
3, 7
Let o(n) = 151*n**2 + 7*n + 1. What are the prime factors of o(3)?
1381
Let x(a) = -5 - 18*a**2 - 2*a + 3 + 9*a**2 + 0*a. Let v be x(-2). Let k = -30 - v. List the prime factors of k.
2
Suppose 7 = g - 2. Suppose 0 = 4*q - 3*z - 6, 5*q - 3*z - 2*z = 5. Suppose -4*x = -q*x - g. What are the prime factors of x?
3
Let t = 7 + -9. Let q be 2 + (5 + t - 36). Let h = -22 - q. What are the prime factors of h?
3
Suppose 0 = 4*x - 5*l - 12162, -2*x + 12166 = 2*x - 3*l. What are the prime factors of x?
17, 179
Let y = -13 - -15. Suppose 5*f - 97 = z, f + 3*z - 69 = -y*f. Let p = f - 12. List the prime factors of p.
2
Let c = -33 - -47. Let h = c - 10. Suppose -s = s - h. List the prime factors of s.
2
Suppose 869*h = 866*h + 5580. What are the prime factors of h?
2, 3, 5, 31
Let n(g) = 2*g + 31. Let a be n(-19). Let f(v) = -v**3 - 3*v**2 + 7*v + 27. List the prime factors of f(a).
2, 3, 29
Let b = -6 - -1. Let r be (-1)/b - 273/15. What are the prime factors of (r/4)/((-2)/12)?
3
Let a(m) = 5*m - 23. Let h be a(5). Suppose -h*l + 41 = v + l, 3*v - 3*l = 99. What are the prime factors of v?
5, 7
Let r = -144 - 229. Let l = 567 + r. What are the prime factors of l?
2, 97
Let y = 2005 + 216. List the prime factors of y.
2221
Suppose -7*r - 45 = -4*r. What are the prime factors of (-1116)/(-8) - (r/3)/(-10)?
139
Suppose 0 = 4*y - y + 57. Let l(w) = 2*w**2 + 2*w. Let t be l(-2). List the prime factors of 2 - ((-12)/t + y).
2, 3
Let m(r) = -r**2 - 14*r - 20. Let x be m(-12). Suppose -j + z = -2*z - 42, -x*z = 2*j - 124. What are the prime factors of j?
2, 3
Let l = 3 - 11. Let r be ((-188)/(-6))/(l/12). Let i = -20 - r. What are the prime factors of i?
3
Suppose 0 = -9*d + 385 + 452. Suppose -5*h = -15, -8 = -u - 3*h + d. List the prime factors of u.
2, 23
Suppose -2*f + 2*w - 3*w = -118, -3*w - 273 = -5*f. List the prime factors of f.
3, 19
Let u be (-12)/8*(55 + -1). Let s = u - -126. List the prime factors of s.
3, 5
Suppose 2*a = 35*n - 38*n + 7688, 4*n = 3*a + 10245. List the prime factors of n.
2, 3, 7, 61
Let d = 5 + -1. Let p(i) = 2*i - 3. Let k be p(d). Let b(h) = -h**2 + 5*h + 5. What are the prime factors of b(k)?
5
Let l(x) = x**2 + 25*x - 29. What are the prime factors of l(-28)?
5, 11
Let b = 5055 - 2780. What are the prime factors of b?
5, 7, 13
Let x = 40 - 37. Suppose w - 2*t = 141, 5*w + x*t - 126 = 4*w. List the prime factors of w.
3, 5
Let i = -13 - -19. List the prime factors of 4 + (-155)/(-15) - (-4)/i.
3, 5
Let l = 2974 - 1707. List the prime factors of l.
7, 181
Suppose 4*m + 0*m = -2*b + 18036, 3*b + 18046 = 4*m. What are the prime factors of m?
2, 5, 11, 41
Suppose -5*b + 175 + 1915 = 0. List the prime factors of b.
2, 11, 19
Let l(y) = y**3 + 19*y**2 + 18*y + 13. Let w be l(-18). List the prime factors of 93/((-28)/(-49) + w/14).
2, 31
Let a(q) = -q + 8. Let w be a(-2). Suppose -w*x = -5*x - 1180. What are the prime factors of x?
2, 59
Let d(p) = -p**3 - 4*p**2 + p - 6. Let s(z) = -z - 5. Let x = -7 - -7. Let u be s(x). List the prime factors of d(u).
2, 7
Suppose c + 2205 = 2*i, -2*i + 2270 = 5*c + 47. List the prime factors of i.
2, 3, 23
Let u(g) = 85*g**3 - 19*g**2 + 51*g - 4. List the prime factors of u(3).
2273
Let q = -18 + 22. Suppose 5*n + q*o + 325 = 1356, 3*n = -5*o + 629. List the prime factors of n.
7, 29
Suppose -5*i + 3*v + 23592 = 0, 5*i - 13*v = -16*v + 23598. List the prime factors of i.
3, 11, 13
Suppose 0 = 13*w - 9*w + 700. Let n be (-8)/10*w/10. Let m = 32 + n. List the prime factors of m.
2, 23
Suppose c = 3*y + 613, 6 = -5*y + 21. What are the prime factors of c?
2, 311
Let n be 13 + 1/(-2)*-2. Suppose -n = -u + 5*t, -7*u - 4*t - 17 = -2*u. Let 